. What is s(18)?
-8
Let d(p) = 3*p**2 + 4. Calculate d(3).
31
Let f(r) = 2*r**2 - 5*r - 6. What is f(-4)?
46
Let z(c) = -c**2 + 8*c + 10. Calculate z(7).
17
Let f(o) = o**3 - 12*o**2 - 28*o - 14. What is f(14)?
-14
Let m(z) = -z**3 - 10*z**2 + 11*z - 10. Determine m(-11).
-10
Let s(v) = -v**3 - 14*v**2 - 14*v - 10. Determine s(-13).
3
Let m(g) = 7*g - 112. Determine m(16).
0
Let h(l) = -31*l - 185. Give h(-6).
1
Let u(v) = -7*v - 32. Determine u(-9).
31
Let j(v) = -2*v**3 - 5*v**2 - 5*v - 10. Give j(-3).
14
Let m(p) = -2*p**3 - 32*p**2 + 2*p + 35. What is m(-16)?
3
Let b(q) = q**2 + 6*q + 12. Calculate b(-5).
7
Let l(m) = 8*m**2 - m + 1. Calculate l(1).
8
Let f(r) = 5*r**2 + 5*r + 3. Calculate f(-3).
33
Let u(i) = 7*i**2 + 8*i + 10. What is u(-4)?
90
Let j(b) = b**3 + b**2 - b + 9. Give j(-3).
-6
Let p(n) = -16*n**3 - n**2. Give p(-1).
15
Let v(g) = -2*g**2 - 7*g + 4. Determine v(-7).
-45
Let z(h) = 20*h - 25. What is z(5)?
75
Let p(c) = -c**3 + 16*c**2 - 9*c + 22. Calculate p(16).
-122
Let j(x) = -4*x**2 + 4*x - 5. Calculate j(2).
-13
Let g(h) = -h**2 + 44. Determine g(0).
44
Let n(q) = 6*q**3 - 3*q**2 - 4*q - 5. Calculate n(-2).
-57
Let c(b) = -b**3 - 2*b**2 + 5*b + 2. What is c(-3)?
-4
Let o(d) = -2*d**3 + 47*d**2 - 26*d + 44. Determine o(23).
-25
Let k(a) = -10*a + 2. Determine k(-2).
22
Let z(t) = -t**3 + t**2 - 13*t - 11. Calculate z(0).
-11
Let y(q) = 6*q**2 - 25*q + 20. What is y(1)?
1
Let c(x) = x**3 + 10*x**2 + x + 14. What is c(-10)?
4
Let j(r) = -r**3 - 3*r**2 - 3*r - 8. Give j(-3).
1
Let v(g) = -g**2 + 2*g - 7. What is v(4)?
-15
Let c(j) = -2*j**2 - 26*j + 11. Give c(-13).
11
Let f(t) = t**3 + 8*t**2 + 13*t - 16. What is f(-7)?
-58
Let b(s) = 9*s**2 + 2*s - 2. Calculate b(-2).
30
Let b(q) = -q - 5. Give b(5).
-10
Let f(x) = 12*x + 99. Give f(-8).
3
Let d(a) = a**2 - a - 2. What is d(-4)?
18
Let i(h) = -h**2 + 2*h + 2. What is i(2)?
2
Let q(n) = -7*n**2 + 8*n + 1. Give q(2).
-11
Let s(f) = 4*f + 19. What is s(-11)?
-25
Let r(a) = a**3 - a**2 - a + 3. Determine r(0).
3
Let v(i) = i - 2. Determine v(5).
3
Let p(a) = -2*a**3 - 8*a**2 + 4*a - 2. Give p(-6).
118
Let x(d) = 2*d**3 + 4*d**2 - 2*d - 4. Determine x(-3).
-16
Let b(f) = -f**3 - 11*f**2 - 3*f - 40. Give b(-11).
-7
Let k(r) = r**2 - 3*r + 7. Calculate k(3).
7
Let z(l) = -l**3 + 8*l**2 - 6*l + 3. Calculate z(7).
10
Let m(h) = -2*h**2 + 54*h - 60. Determine m(26).
-8
Let x(o) = -o**2 + o + 41. Give x(0).
41
Let t(l) = -l**2 + 10*l - 8. Calculate t(11).
-19
Let y(v) = v**3 - 5*v**2 - 18*v + 34. Give y(8).
82
Let n(u) = u**3 - 11*u**2 + 18*u - 77. What is n(10)?
3
Let x(r) = r**3 - 5*r**2 - 12*r - 18. Give x(7).
-4
Let c(u) = u**3 + 6*u**2 - 3*u + 17. What is c(-6)?
35
Let m(s) = -s**2 + 24*s + 29. Give m(23).
52
Let k(p) = 5*p - 5. Give k(2).
5
Let s(t) = -t**2 - 12*t - 4. Determine s(-6).
32
Let x(k) = k - 63. Give x(12).
-51
Let q(j) = 2*j**2 + 32*j + 53. Give q(-14).
-3
Let w(m) = -m**2 + 2*m + 16. Calculate w(5).
1
Let a(j) = 20*j + 277. Calculate a(-13).
17
Let s(l) = l + 51. Calculate s(-6).
45
Let c(m) = 5*m - 4. What is c(-4)?
-24
Let p(y) = 53*y - 1. What is p(1)?
52
Let b(l) = 3*l**2 + 4*l - 17. Determine b(-7).
102
Let z(o) = -o**3 + 8*o**2 + 10*o - 5. Give z(9).
4
Let y(d) = -d**2 - 6*d + 5. Give y(-6).
5
Let g(l) = 3*l - 2. Determine g(-3).
-11
Let k(o) = 9*o + 628. Calculate k(-69).
7
Let j(n) = 11*n**2 - 4*n - 5. Calculate j(-2).
47
Let q(f) = -f**3 - 9*f**2 + 5*f - 33. What is q(-10)?
17
Let j(b) = -2*b**2 - b + 12. Give j(0).
12
Let x(i) = -3*i**2 + 13*i + 2. Give x(7).
-54
Let j(o) = -o**3 - 15*o**2 - 13*o + 5. Give j(-14).
-9
Let o(a) = a**3 - 8*a - 13. Calculate o(4).
19
Let l(i) = -2*i - 4. Give l(-6).
8
Let l(u) = -20*u - 27. What is l(-2)?
13
Let g(s) = -16*s + 177. Give g(11).
1
Let u(o) = o**3 - 5*o**2 + 6*o - 4. Give u(4).
4
Let b(y) = -2*y**3 + 6*y**2 + y - 3. Give b(3).
0
Let t(c) = -c**2 - 3*c + 2. Calculate t(4).
-26
Let g(q) = q**3 + 6*q**2 + 7*q + 7. Determine g(-6).
-35
Let m(c) = c**2 - 7*c + 4. Give m(5).
-6
Let h(g) = g**3 - g**2 - 6*g + 1. Determine h(3).
1
Let v(n) = n**3 + 8*n**2 - n + 10. Calculate v(-8).
18
Let t(b) = -3*b**3 - 4. Determine t(-2).
20
Let n(h) = h**2 - 20*h + 51. Determine n(17).
0
Let n(d) = 7*d**2 - 3*d + 2. Determine n(1).
6
Let x(f) = -4*f**3 - 6*f**2 + 5*f + 6. Calculate x(3).
-141
Let o(f) = f**3 + 23*f**2 + 23*f + 21. Calculate o(-22).
-1
Let f(v) = v**2 - 8. Determine f(-4).
8
Let y(u) = 4*u - 18. Determine y(6).
6
Let k(a) = a**3 - 12*a**2 + a - 29. Give k(12).
-17
Let t(k) = k + 3. Determine t(-3).
0
Let t(x) = x**3 + 8*x**2 - 5*x + 18. Give t(-9).
-18
Let h(z) = -12*z + 79. Calculate h(6).
7
Let s(c) = 5*c - 55. Give s(10).
-5
Let h(b) = -3*b - 3. Calculate h(-5).
12
Let y(o) = o**3 + 7*o**2 + 7*o + 4. Calculate y(-6).
-2
Let z(i) = -i**2 + 6*i + 13. Determine z(7).
6
Let t(w) = w**3 + 13*w**2 - 13*w + 14. What is t(-14)?
0
Let c(h) = 2*h**2 - 11*h. Calculate c(6).
6
Let f(t) = -t**2 - 13*t + 13. Determine f(-12).
25
Let a(k) = -2*k**2 + 18*k - 12. Give a(8).
4
Let n(c) = c**3 + 16*c**2 + 18*c - 23. Calculate n(-14).
117
Let x(l) = -19*l**3 + 2*l**2 - 3*l + 2. Give x(1).
-18
Let y(b) = b**2 - 8*b - 19. Give y(11).
14
Let r(b) = b**2 - 3*b - 37. Determine r(8).
3
Let m(z) = -7*z**2 - 3*z + 3. Determine m(2).
-31
Let j(m) = m**2 + 10*m + 13. Determine j(-11).
24
Let j(c) = -8*c - 7. Calculate j(-5).
33
Let y(c) = c**2 - 6*c + 19. Determine y(4).
11
Let y(x) = -9*x**3 + 2*x**2 + 5*x - 6. Give y(1).
-8
Let v(o) = o**2 - 22*o + 112. Calculate v(14).
0
Let f(n) = n**3 - 6*n**2 + 6*n + 4. Calculate f(3).
-5
Let d(m) = m**3 - 11*m**2 + 16*m - 14. Calculate d(10).
46
Let s(f) = 29*f**2 - f + 1. Give s(1).
29
Let z(x) = 3*x - 4. Determine z(2).
2
Let q(n) = -n + 9. Determine q(11).
-2
Let t(h) = h**2 - 10*h - 12. What is t(0)?
-12
Let n(w) = 2*w**2 - 28*w - 485. What is n(24)?
-5
Let h(p) = -60*p**2 + 4*p - 4. Determine h(1).
-60
Let l(n) = n**3 + 10*n**2 + 12*n + 13. Determine l(-9).
-14
Let a(z) = 3*z**3 - 4*z**2 + 4*z - 9. Give a(4).
135
Let v(m) = m. What is v(-4)?
-4
Let j(q) = -11*q - 10. Determine j(-2).
12
Let f(x) = x**3 - 17*x**2 - 21. Calculate f(17).
-21
Let q(v) = 4*v - 10. Give q(12).
38
Let d(n) = 3*n**2 - 2*n - 1. Give d(-1).
4
Let s(p) = 10*p + 9. What is s(-1)?
-1
Let g(k) = 6*k**2 + 3*k + 2. Calculate g(-1).
5
Let p(i) = i**3 + 3*i**2 - 8*i + 4. Calculate p(-5).
-6
Let l(o) = -o + 8. Give l(0).
8
Let m(w) = 4*w + 8. Calculate m(-3).
-4
Let h(o) = o**3 + 5*o**2 - 6*o + 5. What is h(-6)?
5
Let m(k) = -k**3 + 4*k**2 + 2. Give m(3).
11
Let u(b) = 42*b - 276. What is u(6)?
-24
Let v(d) = -d**2 - 9*d - 7. What is v(-7)?
7
Let w(h) = h**3 - 16*h**2 + 26*h - 18. Calculate w(14).
-46
Let a(g) = 2*g**2 - 17*g + 37. What is a(11)?
92
Let r(k) = -k**2 - 2*k + 194. Give r(0).
194
Let o(w) = w**3 - 9*w**2 + 3*w - 19. Calculate o(9).
8
Let x(b) = -11*b - 94. What is x(-8)?
-6
Let l(p) = p**3 - 6*p**2 - 2*p - 1. What is l(5)?
-36
Let b(c) = 5*c**2 + 11*c - 15. Calculate b(-6).
99
Let b(o) = 3*o**2 - 10*o - 10. Give b(-1).
3
Let h(q) = q**2 + 9*q + 25. Determine h(-5).
5
Let l(o) = -o**3 + 3*o**2 + 23*o + 2. Calculate l(-3).
-13
Let j(u) = -u**2 + 13*u - 34. Give j(5).
6
Let o(i) = -i**3 + 34*i**2 - 6*i + 201. Give o(34).
-3
Let l(h) = -h**3 - 6*h**2 - h + 21. What is l(-5)?
1
Let d(a) = a**3 - 4*a**2 - 2*a - 2. Give d(4).
-10
Let h(d) = d - 13. Give h(-10).
-23
Let n(a) = a**2 + 20*a - 63. Determine n(-24).
33
Let n(f) = -f**3 - f**2 + 7*f - 7. What is n(-3)?
-10
Let s(j) = -2*j**3 - j**2 - 4. Calculate s(-2).
8
Let i(b) = -b**3 + 8*b**2 + 4*b - 9. What is i(6)?
87
Let o(n) = n**3 + 4*n**2 - 6*n - 2. Determine o(-4).
22
Let l(r) = 3*r + 8. What is l(-4)?
-4
Let p(t) = t - 21. Calculate p(3).
-18
Let d(z) = -49*z**2 + 4*z - 2. Calculate d(1).
-47
Let i(r) = r**3 - 8*r**2 - r + 26. What is i(8)?
18
Let b(z) = z - 9. Determine b(-8).
-17
Let g(a) = a**3 - 21*a**2 + 20*a + 12. Calculate g(20).
12
Let o(h) = h + 2. What is o(-1)?
1
Let i(m) = -m**3 - m + 15. Give i(0).
15
Let g(d) = -3*d. Calculate g(12).
-36
Let l(h) = h**2 + 15*h. Calculate l(-11).
-44
Let u(m) = m**3 - 7*m**2 + 5*m + 1. Give u(6).
-5
Let w(y) = -y**3 + 11*y**2 + 11*y + 4. What is w(12)?
-8
Let o(w) = w**2 + 7*w + 6. Calculate o(-6).
0
Let o(v) = v**3 